a prime number?
False
Let f(g) = 3*g**2 + g - 4. Let s be f(-3). Let v = 47 + s. Is v a composite number?
False
Let p = 10 + -7. Suppose i - 110 = p*i. Is (i + -2)*(-2)/6 prime?
True
Let v(c) = 13*c**3 - c**2 - 3*c + 3. Let s be v(2). Is (-5 - -3)*s/(-2) composite?
False
Let q(o) be the third derivative of -o**6/12 - o**5/60 - o**3/3 + 5*o**2. Is q(-3) a prime number?
False
Let o = -1729 + 3530. Is o a composite number?
False
Let v(k) = 4*k + 5. Let u be v(-2). Let a(j) = -16*j - 1. Is a(u) a prime number?
True
Let a(g) = 50*g - 5. Let i(c) = -c + 1. Let h(b) = a(b) + 6*i(b). Is h(3) a prime number?
False
Let a(n) = -9*n**3 + 4*n**2 - 4. Let m be a(3). Let t = -92 - m. Is t a prime number?
False
Suppose -4*h + 1510 = 5*l + 141, 3*h = -4*l + 1026. Let u be 27*(3 - 0) + -1. Suppose u = -2*x + h. Is x prime?
False
Suppose -7*m + 2*m = -10. Let l(k) = 3*k - 2. Let p be l(m). Suppose -p*i = -y + 41, 0*y = 3*y - 2*i - 143. Is y a prime number?
False
Suppose 2*z = -z. Let k(w) = -w**3 + 203. Is k(z) a prime number?
False
Let z = -7 + 16. Is 1642/18 - 2/z composite?
True
Let v be -1 - 1*-3*17. Let c = 213 - v. Is c a composite number?
False
Suppose 5*f = 3*o + 1691, 2*f + 1005 = 5*f + 3*o. Is f a prime number?
True
Suppose -5*o - s + 4094 = 0, 4*s = -3 + 19. Is o prime?
False
Suppose 3*a - 3*o = -663, -2*o + 5*o = -3*a - 693. Is ((-2)/(-4))/((-1)/a) composite?
False
Let o = -3051 - -1652. Let h = -978 - o. Let t = -234 + h. Is t a prime number?
False
Suppose -4 = -m + 1. Suppose -4*z + 3*p = -4, z + m*p = 3 + 21. Is (76/6)/(z/6) a composite number?
False
Let b(v) = 71*v + 1. Let n be b(5). Suppose 4*i = -12, -5*c + 1604 = 4*i + n. Let h = -125 + c. Is h composite?
False
Suppose 3*s = -2*m - 497 + 1648, -2*m = -3*s + 1159. Suppose 22 = 4*b + 2*i, 0*b - i = -2*b + 13. Suppose -b*o + s = -o. Is o a prime number?
False
Let x(c) = -143*c - 31. Is x(-10) composite?
False
Let b = -24 + 261. Is -2*1*b/(-6) composite?
False
Let v(o) = -4*o - 2. Let m(i) = -7*i - 3. Let k(h) = 3*m(h) - 5*v(h). Let c be k(-1). Suppose 3*w + c*w - 455 = 0. Is w a composite number?
True
Let v(q) = -128*q**2 + 3*q + 2. Let a be v(-3). Let i = a + 814. Let w = -218 - i. Is w a composite number?
False
Let b = -92 - -207. Let n = b + -30. Is n prime?
False
Let b = -25 + 15. Is b/3*120/(-16) a composite number?
True
Suppose 0 = 22*r - 20*r - 4306. Is r composite?
False
Is 9042/36 + 4/(-24) composite?
False
Suppose 3*h + 4*p = 9, h + 4*h - 3*p - 15 = 0. Let s = -1 + h. Is s prime?
True
Suppose -6*g = -9*g + 3. Let s be (-2)/g + 29*5. Let y = s - 94. Is y composite?
True
Let s(f) be the second derivative of f**4/12 - f**3/3 - 5*f**2/2 - f. Is s(5) a composite number?
True
Let p = 6 + -4. Suppose -y + 211 = -2*m, -3*m - p*m + 792 = 4*y. Is y composite?
True
Let m(z) = -z + 9. Let b be m(4). Suppose 3*s + 3*g - 1 - 77 = 0, -g + b = 0. Is s a prime number?
False
Let q(r) = -r**3 + 6*r**2 - 6*r + 3. Let y be q(5). Is (83/(-2) + 0)*y prime?
True
Let i(f) = f**3 + 11*f**2 - 3*f - 11. Is i(-6) a composite number?
True
Let a(b) be the third derivative of b**6/120 - 3*b**5/20 - 3*b**4/8 - b**3/2 + 6*b**2. Is a(10) prime?
True
Let v(m) be the second derivative of -m**3/2 - m**2 - m. Is v(-3) a composite number?
False
Suppose 5262 = 6*x - 9*x. Is 4/6 - x/6 a composite number?
False
Let n = 47 + -16. Is n a composite number?
False
Suppose 4*l = 3*h - 1313, -6*h + h - 2*l = -2223. Is h a composite number?
False
Suppose 3*r - 4 = r. Suppose 0*l - 2 = -r*l. Suppose -34 + l = -3*h - 3*i, 5*h - 5*i = 45. Is h a composite number?
True
Suppose -358 = -4*m + 546. Is m composite?
True
Suppose -5*j - 869 = -3*h, -2*h + j + 614 = 23. Is h a prime number?
False
Suppose u - 287 = l + 361, u = -4*l + 643. Is u a composite number?
False
Is 127*3*4/12 composite?
False
Let a = 1137 - 730. Is a a prime number?
False
Let c = 5790 - 2945. Is c a composite number?
True
Let y = -711 + 177. Is (y/(-9) - -1)*3 a composite number?
False
Let u = -144 + 397. Is u a composite number?
True
Let a(o) = 237*o - 28. Is a(9) prime?
False
Is 1246/(7/((-14)/(-4))) a composite number?
True
Let v(a) = a**3 + a + 19. Let j = 11 - 6. Let c = j - 5. Is v(c) a prime number?
True
Let b(u) = -13*u - 24. Is b(-7) a prime number?
True
Suppose 4*q = 3*q + 5*m + 777, q + 2*m = 805. Is q a prime number?
True
Let i(l) = 90*l**2 + 1 - 2 + 3 - 1. Is i(1) a prime number?
False
Let x(w) be the second derivative of -3/2*w**2 + 0 - w + 3*w**3. Is x(3) prime?
False
Let r = -11 - 7. Let c be (-880)/72 - 4/r. Is (4/c)/((-1)/63) a prime number?
False
Let q(n) = -n**3 - 15*n**2 + 35*n + 2. Is q(-19) prime?
False
Let a = 13 - 18. Let c(x) be the third derivative of -x**6/120 - x**5/20 + x**4/12 - x**3/6 + x**2. Is c(a) composite?
True
Let p = -1071 - -1520. Is p prime?
True
Suppose -4*v + 6 = -34. Suppose 0*k - k = -v. Is k prime?
False
Let v be (-6)/(-5)*(5 + 0). Let a be 3/(-2)*(-8)/v. Suppose 3*i - 48 - 3 = -3*y, a*y - i - 25 = 0. Is y a prime number?
False
Suppose -j + 6 = 2. Let t = j + 0. Is (-58)/(-6) + t/12 a composite number?
True
Let u be 54/10 + (-2)/5. Let x(f) = -10*f**2 + 17*f - 19. Let i(t) = -3*t**2 + 6*t - 6. Let r(k) = 7*i(k) - 2*x(k). Is r(u) composite?
False
Suppose -3*n - 2*n + 512 = -r, -527 = -5*n - 4*r. Is n a prime number?
True
Let t(a) = -9*a + 9. Let i(n) = -2 + 0 + 1. Let g(k) = -12*i(k) - t(k). Is g(4) a composite number?
True
Let b be -1*10/((-4)/2). Suppose 2*p + 4*h = 74, -b*p - 2*h + 102 = -83. Is p prime?
True
Let c(l) = -l**2 - l + 1. Let v(p) = 15*p**2 + 2*p - 3. Let m(h) = 2*c(h) + v(h). Let s be m(-1). Let d = s + -2. Is d a composite number?
True
Suppose -4*o + 2*o = 0. Suppose 0 = -3*x - o*x + a + 577, 378 = 2*x + a. Is x a composite number?
False
Let z = -373 + -56. Let f = 760 + z. Is f a prime number?
True
Suppose 5*o + 1 = 16. Let y = o + -1. Is (0 - -3)*(y + 1) prime?
False
Suppose -62 = -6*x + 652. Is x a prime number?
False
Suppose 0*n = 3*n. Suppose 0 = -3*i + z - 38, -5*i + 0*i + 5*z - 60 = n. Let y = -7 - i. Is y a prime number?
False
Let l(s) = s - 1. Let a be l(-3). Let i be a/2 + 290/5. Suppose -i = -z - d, -5*d - 11 = -26. Is z composite?
False
Let p be (-5)/(-2) + 1/2. Suppose 6*g = p*d + g - 7, 0 = -5*d - 5*g + 25. Is 412/9 + d/18 a prime number?
False
Let w(z) = 319*z - 25. Is w(6) composite?
False
Is (-50837)/(-15) - 2/15 composite?
False
Suppose -6 = -2*h + 3*h. Is (466/h)/(2/(-6)) a composite number?
False
Suppose 2*j + 574 = 3*s, -2*j = -3*j + 1. Is (s - 2) + (1 - 4) prime?
False
Suppose -3309 - 559 = -4*v. Is v a prime number?
True
Let o(v) be the second derivative of v**3/6 + v**2/2 + 3*v. Let x be o(4). Suppose -419 = -2*l - h, -4*h = x*l + h - 1040. Is l prime?
True
Let z = -7 - -10. Let s be (-1)/4 + (-221)/(-4). Is (z/(3/s))/1 composite?
True
Let b(j) = j**2 - 6*j + 2. Let k be b(6). Suppose -r + 5*u = -3, 2*r + k = -3*u + 5*u. Is 20*(-1)/(0 + r) composite?
True
Let g be 1/((-3)/18*-2). Suppose n - 8 = -g*n. Is n - 1 - (-15 - -1) composite?
True
Suppose 0*x = 5*x - 600. Suppose r = -5*n + 153, 0*r + x = 4*n + 2*r. Is n composite?
False
Let t = 39 - 74. Let x be 108/(-10)*80/12. Let v = t - x. Is v a prime number?
True
Let p be 10125/63 + 2/7. Suppose 3*f - m = p, -4*m - 10 = -2. Is f a composite number?
False
Suppose -2*u - 205 = 4*z - 5*z, 2*z + 4*u = 434. Is z composite?
False
Let t = 117 - 80. Is t composite?
False
Let n = -10 + 15. Suppose 2*q + 2*q = 4*a - 340, -n*a = q - 413. Is a a prime number?
True
Let g(s) = 314*s + 1. Is g(2) a prime number?
False
Suppose 0 = -2*s - 2*n - 10, -s + 0*n + n = 9. Let u = 11 + s. Suppose h - 23 = -u*m - 0*m, 2*m - 2*h - 24 = 0. Is m composite?
False
Let w be 2 - ((-4)/2)/1. Let v(l) = l**2 + l - w*l + 4 - 2 + 1. Is v(-4) composite?
False
Suppose 2*z - 826 = -v + 376, -3*v - 587 = -z. Is z prime?
True
Suppose -5*v = -10, 5*j + 0*v + 6 = -2*v. Is 4 + j - (3 + -90) prime?
True
Is 214/1 - 3/1 a composite number?
False
Let h(r) = -80*r**3 - 6*r - 7. Is h(-3) composite?
True
Is 22/33*537/2 prime?
True
Let x = 2606 + -950. Let c = -1173 + x. Suppose -q = -4*q + c. Is q a composite number?
True
Is (-10)/(-4)*(-1028)/(-10) a composite number?
False
Suppose -4*c = -9 - 11. Let d(i) = -i**2 - 9*i - 3. Let a be d(-8). Suppose 40 = 2*u - 4*s - 4, -110 = -c*u + a